Let n be ((-10)/(-6))/((-3)/(-9)). Let w(m) = -n*m + 4*m - m. Let u(k) = -2*k**3 - k**2. Let q be u(1). Calculate w(q).
6
Let n(a) = -a**3 + 3*a**2 - 2*a + 2. Let t(f) = 2*f + 7 - 3*f**3 - 6 - f**3. Let x = -2 - -1. Let o be t(x). Determine n(o).
-4
Let y(p) be the second derivative of p**5/5 + p**3/6 + p. Let s = 16 - 7. Let i be s/15 + 4/10. Determine y(i).
5
Let z(s) = s**3 + s + 4 + 6*s - 4*s + 3*s**2. Determine z(-3).
-5
Let j(b) = 7*b**2 - 7. Let q(r) = -20*r**2 + 20. Let g(p) = -17*j(p) - 6*q(p). Suppose -4*z - 2 = -10. Suppose 2*y = 4*m - z*y - 12, 0 = m + y - 1. Give g(m).
3
Let y(u) = u**2 - 1. Let q be y(0). Let p be (-3)/q*3/3. Let f(t) be the third derivative of t**6/120 - t**5/20 - t**4/24 + 2*t**3/3 + 2*t**2. Determine f(p).
1
Let a(x) = -x**3 - 7*x**2 - 6*x. Let f be a(-6). Suppose f = d - 2. Suppose -5*b + 5 = -2*p, 5*b + d*p + p = 30. Let y(r) = -3*r - 1. Determine y(b).
-10
Let h(l) be the second derivative of -l**3/6 - 3*l**2/2 - 3*l. Calculate h(5).
-8
Let u(b) be the second derivative of 0 + 2*b + 2/3*b**3 + 0*b**2. Suppose 0 = -0*p + 3*p - 3. Determine u(p).
4
Let u(y) = 8*y. Let d(x) = 2*x**2 + 2*x - 2. Let h be d(-2). Give u(h).
16
Suppose -2*x - 11 - 5 = 0. Let w = x - -3. Let b(m) = m + 6. Determine b(w).
1
Let z(w) = -w - 1. Let k(v) = -v**2 + 5*v + 2. Let h be k(5). Suppose 2*m = 2*a - 14, h*m - 3 = -a - 2. Calculate z(a).
-6
Let h be 1 - ((-3)/(-3) + -2). Let t be (2 + (-2)/1)/(-2). Let r(k) = 0*k + k + k**2 + t*k**h - 2*k**2. What is r(2)?
-2
Let g(o) = o**3 + 5*o**2 + 5*o - 2. Let l = 10 + -10. Suppose l = -r - 1 - 3. Determine g(r).
-6
Let k = -19 - -23. Let t(c) = 2*c - 2. What is t(k)?
6
Let v = 4 - 2. Let k(h) = 0 - 3 - h**3 - 4*h + 5*h + v. Let o(q) = 4*q**3 - q**2 - 4*q + 3. Let r(l) = -5*k(l) - o(l). Determine r(-2).
0
Let m(v) = 2 + 2*v - 6*v + 7 - 7. What is m(-4)?
18
Let b be (-3)/(21/(-6) - -2). Let n(v) = -2*v - v**2 + 3*v - v**3 - v**b + 3 - 2. Give n(-2).
-1
Let w = -7 + 17. Let g be 0/(1*2/2). Suppose -4*a - a - w = g. Let k(l) = 2*l - 2. Determine k(a).
-6
Let p(m) = -3*m. Let b be (8 - 9/3) + -3. Determine p(b).
-6
Let d(f) = -11*f**2 - 4*f**2 + 9*f**2. What is d(1)?
-6
Let b = 2 + 1. Suppose z + 23 = 5*q, 5*q + z + b*z - 33 = 0. Let x(v) = v + 1. Determine x(q).
6
Let i(f) = f**2 + 7*f + 7. Let q be i(-6). Let z(a) = -7*a**3 + a**2 - a + 1. Give z(q).
-6
Let y(h) = -h - 10. Let q(x) = -3*x - 29. Let a(d) = -3*q(d) + 8*y(d). Let o = -11 + 6. Determine a(o).
2
Let k(b) = 13*b**2 - 13. Let l(p) = 1 + 0 + 7*p**2 - 3 - 5. Let r(t) = -6*k(t) + 11*l(t). Let f = 4 - 3. Determine r(f).
0
Let j(y) = -6*y**3 + 20*y**2 - 30*y + 11. Let u(z) = -z**3 + 4*z**2 - 6*z + 2. Let t(r) = 2*j(r) - 11*u(r). Give t(-5).
-5
Let n(p) = 9*p - 21. Let w(m) = -m + 2. Let r(j) = -2*n(j) - 21*w(j). Let u(t) = t. Let v be u(3). Calculate r(v).
9
Let k(v) be the first derivative of v**2/2 + 1. Let r be k(2). Let i(a) = -7 - 3*a**3 + 4*a**3 - r*a**3 + 6*a**2 - 5*a. Determine i(5).
-7
Let b(v) = -v**3 + 7*v**2 - 5*v - 3. Suppose j - 3*l = -l + 2, 5*l + 14 = 4*j. Calculate b(j).
3
Let x(j) = -j**3 - 3*j**2 - j - 9. Let m be x(-3). Let q(a) = -a**2 - 7*a - 5. Determine q(m).
1
Suppose 5*v - 3*j = j + 22, -v = j + 1. Let o(s) = s**2 + 0*s - 4*s + v - 2*s. What is o(5)?
-3
Let x(l) be the second derivative of l**3/6 + 4*l**2 + 2*l. Let d be x(-7). Let c(o) = -2*o**2 - o. Give c(d).
-3
Let c be (-2)/(-8) + 19/4. Let k(m) be the second derivative of m**5/20 - 5*m**4/12 + m**3/6 + 3*m**2/2 - 6*m. Calculate k(c).
8
Let s(m) = -m**3 - m**2 - m + 1. Let z(l) = 2*l**3 + 7*l**2 + 3*l - 6. Let c(y) = 3*s(y) + z(y). Suppose 2 = -4*a + 14. Calculate c(a).
6
Suppose 4*o = 18 - 2. Let c(n) be the third derivative of 1/8*n**o + 0*n + 1/120*n**6 + 0 + 2/3*n**3 + n**2 + 1/12*n**5. Give c(-4).
8
Let v(p) = p**2 - 4*p - 4. Suppose 0*b + 21 = 2*b - 3*j, -2*b + 17 = j. Let x = b + -4. Suppose 1 = -h + x. Determine v(h).
-4
Suppose 0 = -7*l - 1 - 6. Let f(c) = -2*c + 1. Calculate f(l).
3
Let f(l) be the third derivative of -l**6/120 + l**5/12 - l**4/12 + 5*l**3/6 + 20*l**2. Determine f(5).
-5
Let z(g) = g**3 - 7*g**2 - 2. Let j be z(7). Let d = 0 + 2. Let n(q) = q**d - 3*q**2 + 3*q + 4*q**2 + q**3 + 1. Determine n(j).
-5
Let k(u) = u - 1. Let c(r) = -5*r + 4. Let i(l) = c(l) + 6*k(l). Determine i(-3).
-5
Let i(p) = 4*p + 3 + 3*p**3 + 0*p**3 + 0*p - 4*p**3. Suppose 5*q + 4 = 3*q. Calculate i(q).
3
Let h(q) be the first derivative of -q**3/3 - q - 23. Let v = 0 - 0. Calculate h(v).
-1
Let i be (4/3)/((-2)/(-6)). Let b(c) = 1 - 24*c + 23*c - i. Calculate b(-5).
2
Suppose -2*s - 3*s = 2*m + 17, 5*s - 7 = 2*m. Let v(u) = u - 1. Let o(x) = -x**3 - 5*x**2 + 4*x + 7. Let l(y) = o(y) + v(y). Give l(m).
12
Let q(a) = 46 - 2*a - a - 40. What is q(5)?
-9
Let i(s) = -3*s**2 + s + 2. Let x(v) = -5*v**2 + 2*v + 5. Suppose 0 = 4*t - t + 3. Let d = 1 - t. Let a(u) = d*x(u) - 5*i(u). What is a(-1)?
6
Let l = 0 + 2. Suppose 2*f = -l*f - 20. Let z(a) be the second derivative of a**4/12 + a**3/2 - 2*a**2 - 5*a. What is z(f)?
6
Suppose 3*u = 4*t - u + 4, -u + 19 = 5*t. Let d = t + -1. Let h(p) = 2*p**2 - p**3 + 4 - p**2 + 0*p**d - p. Calculate h(0).
4
Suppose q - 8 = -17. Let u(a) = -a - 6. Give u(q).
3
Let i be (-1 + -1)/(8/(-12)). Let z(d) be the second derivative of -i*d + 7/2*d**2 + 0 - 1/3*d**3. Calculate z(6).
-5
Let n(l) = l + 1. Let r = 2 - 5. Let z be (-9)/(0 - r) - 1. Calculate n(z).
-3
Let j(z) be the second derivative of z**3/6 - z**2 + 2*z. What is j(2)?
0
Let g(b) be the second derivative of b**5/20 + b**4/6 - b**3/6 - b**2 + 4*b. What is g(2)?
12
Let r(f) = 5*f**2 - f. Let i be r(1). Let a be i*-2*(-12)/32. Let u(v) = v + 2. Determine u(a).
5
Let d(v) = v**3 - 7*v**2 + v - 5. Let q be d(7). Let i(r) = 7*r**q - 7*r - 55 + 56 + r**2 - r**3. Calculate i(7).
1
Let t(q) = 6*q + 42. Let x(n) = -3*n - 22. Let f(u) = -3*t(u) - 5*x(u). Give f(-7).
5
Let w(q) be the second derivative of 3*q**5/20 - q**4/6 + q**3/6 - q. Determine w(1).
2
Let h(l) = 2*l - 2 + 3 - 3*l. Suppose 2*a - 1 = -2*f + 1, -6 = 2*a - 2*f. Let p = -3 - a. Give h(p).
3
Let t(q) = 5 - q - 5 + 1 - 4. Give t(-3).
0
Let w(c) = 4*c + 5. Let m(p) = p + 1. Let x(a) = 3*m(a) - w(a). Suppose 2*b + 3*b = 0. Calculate x(b).
-2
Suppose 3*g - 15 = i + 5, 2*g - 25 = 3*i. Let a = 3 - 1. Let k(w) = 3*w + 2*w - w**2 + a*w**2 + 4. What is k(i)?
4
Suppose 0 = -3*q - 3, q + 65 + 6 = 5*j. Let n = j - 9. Let y(a) = -a**3 + 4*a**2 + 8*a - 6. Give y(n).
9
Let m(z) be the second derivative of -2*z + 1/20*z**5 + 0 - 5/12*z**4 + 5/2*z**2 + 1/3*z**3. Let i be ((-8)/10)/(3/(-15)). What is m(i)?
-3
Let f be 4*(-1)/(-6)*24. Suppose -4*n + 0*n + f = 0. Suppose n = 2*i + 2*i. Let h(t) = -t**3 + t**2 - 2*t + 1. Give h(i).
-1
Let z(t) be the first derivative of -t**4/4 + t**3/3 + t**2 + t + 8. What is z(2)?
1
Let p(z) be the third derivative of -z**4/12 - 3*z**3/2 - 2*z**2. Let r be ((-3)/(-2))/(8/(-32)). What is p(r)?
3
Suppose 5*p = -0*p. Suppose -s = -p + 1. Let d(b) = 5*b**3 + 3*b - 2. Let q(j) = 7*j**3 + 5*j - 3. Let a(g) = -8*d(g) + 5*q(g). Determine a(s).
5
Let v(h) = -2*h**3 - 4*h**2 - h + 2. Let j be v(-2). Let i(c) = 0 - 5*c + j + 4 - 4. Calculate i(3).
-11
Suppose -3*r - s + 4 = s, 5*r = -3*s + 8. Suppose -3*q + 2*v = q + 20, v = -r*q - 8. Let i(o) = o + 3. Give i(q).
0
Let p(y) = y**3 - 7*y**2 + 4*y - 7. Let u(b) = -b**3 + b**2 - b + 1. Let f(i) = p(i) + 6*u(i). Let v be (-1)/(-1 - -3 - 1). Give f(v).
5
Let o(s) be the third derivative of -s**4/24 - s**2. Let u be 0/((-1)/(-1) + 0). Let p be (-1)/2*u - 1. Calculate o(p).
1
Let l(z) = -z**3 + z**2. Suppose 3*v - 20 = 4*f, 3*v + 0*v - 10 = -f. Let d = -1 - f. Let i = 0 + d. Determine l(i).
0
Suppose 4*o - 4*f - 4 = 0, 0 = -3*o + 7*o + 2*f - 10. Let q(r) = 2*r**3 - 2*r**2 + r - 2. Give q(o).
8
Let s(b) be the first derivative of -b**2/2 - 3*b - 2. Let y = 0 + -3. Determine s(y).
0
Let q(y) be the first derivative of -3/2*y**2 + 3 - 3*y - 1/3*y**3. Calculate q(-3).
-3
Let n(z) = -5*z - 5. Let p be n(-8). Suppose 0 = -5*d - 0*d + p. Let g(i) = i - 7. Let w be g(d). Let y(j) = j + 4. What is y(w)?
4
Let i(l) = 2*l - 2. Let v = 11 - 9. Suppose -z = -2*f + 5, 2*f - 7 = -v*f - z. Let b be (-3 - -1)/(1 - f). Give i(b).
2
Let w(a) = 13*a - 7. Let i(v) be the third derivative of 2